{"id":176,"date":"2011-08-15T15:14:00","date_gmt":"2011-08-15T18:14:00","guid":{"rendered":"http:\/\/cequiro.com\/?page_id=176"},"modified":"2023-05-18T13:35:07","modified_gmt":"2023-05-18T16:35:07","slug":"cequiro","status":"publish","type":"page","link":"https:\/\/cequiro.com\/index.php\/cequiro\/","title":{"rendered":"Sobre n\u00f3s"},"content":{"rendered":"<h3 style=\"text-align: justify;\"><strong>O Centro de Quiroterapias Cl\u00e1udio Witte (CEQUIRO)<\/strong> foi criado para promover o bem-estar corporal e o al\u00edvio da dor atrav\u00e9s da utiliza\u00e7\u00e3o das terapias manuais, que em seu conjunto chamamos de quiroterapias.<\/h3>\n<h3 style=\"text-align: justify;\"><strong>Quiroterapias<\/strong> s\u00e3o portanto todas as modalidades de tratamento que fazem das m\u00e3os sua principal ferramenta de trabalho, sendo a massagem apenas a mais conhecida de todas elas. A palavra quiroterapia \u00e9 um termo gen\u00e9rico e se aplica a todas as formas de massagem, \u00e0 quiropr\u00e1tica, mioterapia de pontos-gatilho e muitas outras.<\/h3>\n<h3 style=\"text-align: justify;\">Atrav\u00e9s dos tratamentos oferecidos, cursos e palestras o CEQUIRO busca melhorar a qualidade de vida para que esta seja usufru\u00edda de forma plena e produtiva.<\/h3>\n<h3 style=\"text-align: justify;\"><strong>A maioria das pessoas sente dor, muitas vezes numa base di\u00e1ria.<\/strong><\/h3>\n<h3 style=\"text-align: justify;\">A dor \u00e9 certamente a queixa mais frequente no consult\u00f3rio de qualquer terapeuta, seja fisioterapeuta, m\u00e9dico, quiropr\u00e1tico ou terapeuta corporal. \u00c9 a dor que nos faz procurar ajuda. Al\u00e9m do sofrimento, a dor \u00e9 respons\u00e1vel pela interrup\u00e7\u00e3o ou restri\u00e7\u00e3o das atividades que voc\u00ea gosta e daquelas necess\u00e1rias para uma vida plena e produtiva.<\/h3>\n<h3 style=\"text-align: justify;\">E como quem sente dor quer se ver livre dela o mais r\u00e1pido poss\u00edvel, meu interesse voltou-se desde o in\u00edcio para as t\u00e9cnicas que podem conseguir o al\u00edvio da dor em pouco tempo e com resultados duradouros.<\/h3>\n<h3 style=\"text-align: justify;\">Estas qualidades encontrei nas t\u00e9cnicas denominadas neuromusculares e na <a href=\"http:\/\/cequiro.com\/index.php\/category\/quiropratica\/\">Quiropr\u00e1tica<\/a>. As t\u00e9cnicas <a href=\"http:\/\/cequiro.com\/index.php\/category\/terapia-miofascial-de-pontos-gatilho\/\">neuromusculares <\/a>tratam eficientemente o tipo mais freq\u00fcente de dor: a <em>S\u00edndrome Dolorosa Miofascial<\/em>. A quiropr\u00e1tica \u00e9 especializada no ajuste das articula\u00e7\u00f5es, especialmente as da coluna. Estas duas abordagens s\u00e3o importantes componentes da <a href=\"http:\/\/cequiro.com\/index.php\/miopraxis-2\/\"><strong>Miopraxis<\/strong><\/a>.<\/h3>\n","protected":false},"excerpt":{"rendered":"<p>O Centro de Quiroterapias Cl\u00e1udio Witte (CEQUIRO) foi criado para promover o bem-estar corporal e o al\u00edvio da dor atrav\u00e9s da utiliza\u00e7\u00e3o das terapias manuais, que em seu conjunto chamamos de quiroterapias. Quiroterapias s\u00e3o portanto todas as modalidades de tratamento &hellip; <a href=\"https:\/\/cequiro.com\/index.php\/cequiro\/\">Continue lendo <span class=\"meta-nav\">&rarr;<\/span><\/a><\/p>\n","protected":false},"author":1,"featured_media":0,"parent":0,"menu_order":0,"comment_status":"closed","ping_status":"closed","template":"","meta":{"jetpack_post_was_ever_published":false,"footnotes":""},"class_list":["post-176","page","type-page","status-publish","hentry"],"jetpack_shortlink":"https:\/\/wp.me\/P1FRuA-2Q","jetpack_sharing_enabled":true,"jetpack-related-posts":[],"_links":{"self":[{"href":"https:\/\/cequiro.com\/index.php\/wp-json\/wp\/v2\/pages\/176"}],"collection":[{"href":"https:\/\/cequiro.com\/index.php\/wp-json\/wp\/v2\/pages"}],"about":[{"href":"https:\/\/cequiro.com\/index.php\/wp-json\/wp\/v2\/types\/page"}],"author":[{"embeddable":true,"href":"https:\/\/cequiro.com\/index.php\/wp-json\/wp\/v2\/users\/1"}],"replies":[{"embeddable":true,"href":"https:\/\/cequiro.com\/index.php\/wp-json\/wp\/v2\/comments?post=176"}],"version-history":[{"count":0,"href":"https:\/\/cequiro.com\/index.php\/wp-json\/wp\/v2\/pages\/176\/revisions"}],"wp:attachment":[{"href":"https:\/\/cequiro.com\/index.php\/wp-json\/wp\/v2\/media?parent=176"}],"curies":[{"name":"wp","href":"https:\/\/api.w.org\/{rel}","templated":true}]}}